onvert 57933b (base 16) to base 4.
111321030323
What is -606213 (base 7) in base 12?
-4b740
100232040 (base 5) to base 14
a55b6
What is 10394b (base 13) in base 14?
9c40c
Convert -3956520 (base 11) to base 4.
-122013120020
Convert -52202036 (base 7) to base 6.
-234011432
Convert ba583 (base 12) to base 9.
414640
4907e (base 16) to base 11
194820
Convert 1021222012 (base 3) to base 14.
940d
Convert 487319 (base 12) to base 15.
182bb0
What is 61143032 (base 7) in base 5?
2300230440
Convert 2010100301 (base 4) to base 7.
4414301
83523 (base 11) to base 6
2335355
23775562 (base 9) to base 12
3a86785
Convert 1110171 (base 8) to base 2.
1001001000001111001
What is -2021110110121 (base 3) in base 6?
-41532411
-1333425 (base 6) to base 12
-37275
Convert 1111100011101 (base 3) to base 16.
c1d8f
Convert -13b3bb (base 13) to base 8.
-1655014
What is 120666034 (base 7) in base 5?
3411413333
What is -1013322233 (base 4) in base 5?
-33411300
-43dcc (base 15) to base 6
-4342450
-141554 (base 12) to base 14
-89b7a
8c21a (base 16) to base 2
10001100001000011010
What is -86312 (base 9) in base 13?
-1ccc7
Convert -c876 (base 14) to base 8.
-103450
Convert -203112 (base 6) to base 14.
-5cc4
5055514 (base 6) to base 8
726606
Convert 385350 (base 9) to base 7.
1661646
-754150 (base 8) to base 9
-423618
32546413 (base 7) to base 12
b3151a
What is 144123244 (base 5) in base 4?
2330012101
What is 44424103 (base 6) in base 4?
11013120213
What is 63531261 (base 7) in base 8?
24427307
-1354135 (base 7) to base 15
-38bb7
What is -37372550 (base 8) in base 5?
-4103123244
Convert 100100221222120 (base 3) to base 16.
4bf972
Convert -21344114 (base 5) to base 16.
-2cfdc
4200431 (base 7) to base 8
1731154
What is -262220 (base 12) in base 16?
-98cb8
Convert -2c22097 (base 13) to base 14.
-1c4c3c2
Convert 33022022022 (base 4) to base 13.
a91958
Convert -107897 (base 10) to base 6.
-2151305
What is -212222101001 (base 3) in base 11?
-2a2631
-101111111000111010000 (base 2) to base 7
-16224010
-24336470 (base 8) to base 10
-5356856
Convert 12597bb (base 13) to base 3.
101210021121211
What is 8d8cc6 (base 14) in base 8?
22322556
Convert 1021212211002 (base 3) to base 6.
22414345
2041065 (base 7) to base 15
4ca2c
-507478 (base 9) to base 7
-2361542
What is 3757052 (base 9) in base 14?
3b36bb
Convert 2302150 (base 6) to base 11.
8000a
Convert -b4a35 (base 12) to base 14.
-62281
Convert -767627 (base 8) to base 13.
-9053a
Convert 1ab36 (base 12) to base 11.
27869
235152530 (base 6) to base 16
43dbe6
86932a4 (base 11) to base 3
1001202001020111
Convert 2013220103 (base 4) to base 9.
1036045
Convert -20044302 (base 6) to base 9.
-1052402
-288945 (base 14) to base 4
-11113130201
Convert 20100021012 (base 3) to base 13.
44aa1
Convert -515663 (base 7) to base 9.
-144342
-101010000010110 (base 2) to base 4
-11100112
a2bb4 (base 13) to base 2
1000111010010101010
What is -5060a (base 14) in base 3?
-100211010000
100000011000100010110 (base 2) to base 9
1886546
-882659 (base 11) to base 8
-5277734
What is 999688 (base 11) in base 8?
6051255
What is 22300202222 (base 4) in base 8?
12604252
Convert -50434310 (base 8) to base 7.
-156236146
Convert 111020210110111 (base 3) to base 15.
9419d7
What is 1145045 (base 8) in base 12?
131799
15371 (base 14) to base 11
36761
1802148 (base 9) to base 5
224133131
What is 2166654 (base 7) in base 10?
268902
What is 210952 (base 10) in base 15?
42787
Convert dc50 (base 16) to base 4.
31301100
What is 5604628 (base 10) in base 2?
10101011000010100010100
Convert 1487722 (base 10) to base 11.
926825
Convert 7648 (base 12) to base 5.
404031
What is 1822365 (base 13) in base 8?
35766073
What is 3342072 (base 10) in base 9?
6253413
What is 1573ba (base 13) in base 14?
db2ad
-6e44 (base 15) to base 4
-11232220
-110251605 (base 7) to base 14
-c49c05
-1233122032 (base 4) to base 10
-456334
What is 21213101 (base 4) in base 7?
222542
41450651 (base 7) to base 4
31110120320
What is 4506343 (base 7) in base 10?
556867
Convert -1536565 (base 7) to base 16.
-33925
Convert -602613 (base 9) to base 12.
-1521b6
5a16aa (base 11) to base 7
11051611
What is 709dd (base 15) in base 5?
42402413
What is -427712 (base 9) in base 15?
-5084e
What is 8183b (base 12) in base 11?
105919
What is 3185 (base 11) in base 13?
1bb8
-3000031230 (base 4) to base 3
-1110222222120
Convert -76897 (base 10) to base 16.
-12c61
101000110010101111 (base 2) to base 4
220302233
What is 61290 (base 12) in base 14?
34188
Convert -2153514 (base 6) to base 2.
-11010011101110110
What is 523925 (base 12) in base 9?
2378432
-2b7d1 (base 15) to base 11
-96326
What is ba97 (base 15) in base 10?
39517
-836b2 (base 14) to base 7
-2456612
What is -2aca38 (base 14) in base 2?
-101101100111011011010
What is -5436160 (base 8) in base 15?
-1dbbae
Convert -1252356 (base 7) to base 15.
-3397c
What is -200012100101 (base 3) in base 2?
-1010111011100110000
What is 108164 (base 12) in base 6?
5345004
Convert 25d7d (base 14) to base 9.
151767
What is -325267 (base 14) in base 15?
-23a08c
What is -101782 (base 11) in base 16?
-27df7
-105232 (base 14) to base 16
-86c2c
14110120 (base 5) to base 6
3032322
What is 3e110 (base 15) in base 14?
52925
Convert -2718536 (base 9) to base 11.
-927828
-5a271 (base 13) to base 6
-3312501
Convert 315988 (base 11) to base 10.
505634
Convert -3296 (base 13) to base 10.
-7052
Convert -210110211021 (base 3) to base 10.
-422692
-1891649 (base 13) to base 7
-125326115
What is 100011011011011010000000 (base 2) in base 15?
c36bd1
Convert -995713 (base 10) to base 6.
-33201441
Convert 2478174 (base 9) to base 3.
2112122012111
What is -2b7635 (base 12) in base 11?
-465051
Convert 10540421 (base 8) to base 15.
2eecd4
What is -33050445 (base 8) in base 4?
-123011010211
Convert -179ba22 (base 15) to base 3.
-1012100220201112
What is -3211123201 (base 4) in base 13?
-26b981
Convert -1011101101000101010 (base 2) to base 16.
-5da2a
What is -1011210120200 (base 3) in base 8?
-2306361
21122201022 (base 4) to base 14
483558
110001111011000101 (base 2) to base 9
341445
-2318b1 (base 14) to base 15
-1892ad
-4868c0 (base 13) to base 14
-32dc18
What is -61062413 (base 7) in base 16?
-4d6d1d
-cc779b (base 14) to base 6
-404353125
What is -1574531 (base 9) in base 12?
-362b0a
What is -6324326 (base 7) in base 12?
-309428
10131a (base 15) to base 6
24210254
What is -1546b85 (base 13) in base 12?
-2346624
What is -21050131 (base 6) in base 15?
-c19ad
Convert -3159b5 (base 12) to base 5.
-144333210
What is -2753a9 (base 12) in base 16?
-9f2f1
What is 1233322101 (base 4) in base 10?
458385
Convert -4414c (base 16) to base 2.
-1000100000101001100
What is 120110302 (base 4) in base 6?
2045134
Convert -434044 (base 8) to base 11.
-9a302
What is -274892 (base 10) in base 12?
-1130b8
1624175 (base 9) to base 15
12c382
-5729647 (base 10) to base 2
-10101110110110101101111
Convert -111221111222 (base 3) to base 11.
-178249
Convert -111323012321 (base 4) to base 7.
-66564323
-223020020 (base 4) to base 11
-11079a
Convert -132112223120 (base 4) to base 7.
-124430600
What is 13022443 (base 5) in base 2?
11110111010011111
Convert 10210340 (base 5) to base 8.
246147
What is -512504 (base 6) in base 2?
-1001111101011000
135403 (base 8) to base 9
72604
What is -6a39d (base 16) in base 10?
-435101
b32ac (base 16) to base 14
151632
Convert -e02bc (base 15) to base 8.
-2551401
Convert 7031008 (base 10) to base 8.
32644340
What is 110001001102220 (base 3) in base 12?
2186689
-7463a7 (base 13) to base 16
-299cd1
213100001103 (base 4) to base 9
21322153
22121201021212 (base 3) to base 9
8551255
What is -552404 (base 7) in base 10?
-96926
Convert 6734305 (base 9) to base 5.
1411443321
-1001111011101101100111 (base 2) to base 7
-31063325
What is -213055 (base 6) in base 13?
-7c97
What is 73611 (base 11) in base 16?
1a2d2
41252415 (base 7) to base 11
1a52330
What is 154300 (base 9) in base 15?
1d243
What is 39abd (base 16) in base 8?
715275
What is -11433042 (base 5) in base 15?
-2224c
What is -62720 (base 13) in base 12?
-864b5
3313140 (base 5) to base 10
57295
What is -585d86 (base 15) in base 6?
-230253213
Convert 11252 (base 15) to base 5.
3221102
-2715156 (base 8) to base 7
-6314666
What is 90159 (base 13) in base 3?
111001221100
2